s divided by y(3).
13
Let o(j) = 1 + 4*j + 0*j + 0*j. Suppose 0*z + 4*z - w - 30 = 0, 2*z - 8 = 4*w. Calculate the remainder when o(z) is divided by 17.
16
Let p be 3/4 - 38/8. Let w = p + 6. Suppose 2*b + 22 = 3*d, 3*d + w*b - 8 = 6. What is the remainder when d is divided by 2?
0
Let w(t) = 9 - 2 - 8 - t. What is the remainder when 12 is divided by w(-6)?
2
Suppose 72 = -4*l + l. Calculate the remainder when (-1 + -5)/(l/304) is divided by (13/(-3))/((-1)/6).
24
Suppose 2*d + 114 = 4*k, 0*k + 109 = 4*k + 3*d. What is the remainder when 55 is divided by k?
27
Let u = 0 - 3. What is the remainder when 26 + u/((-3)/(-2)) is divided by 13?
11
Suppose -f + g - 51 = -3*f, -2*f = -4*g - 46. What is the remainder when 99 is divided by f?
24
Let w = 12 + 5. Calculate the remainder when 65 is divided by w.
14
Let m = -49 + 60. What is the remainder when 52 is divided by m?
8
Let s(i) = i**3 + 74. Let p be s(0). Let f be ((-3)/1 - -7) + 47. Let r = p - f. Calculate the remainder when r is divided by 8.
7
Let y = -41 - -18. Let o = y - -34. What is the remainder when 32 is divided by o?
10
Suppose -4*q + 3*g = -78, 4*g - 66 = -4*q + g. Suppose 5*h - 22 - 3 = 0. What is the remainder when q is divided by h?
3
Suppose 0 = 2*l - 5*c + 19, 0 = 2*c - 7 - 3. Calculate the remainder when (-13)/(-3) + (-4)/12 is divided by l.
1
Let m = -12 + 16. Suppose -c + m = -2*i, -2*i + i - 7 = -3*c. What is the remainder when 7 is divided by c?
1
Let y(g) = -2*g + 6. Let i be y(6). Let b be (-100)/i - (-4)/12. Let o = b + 1. Calculate the remainder when o is divided by 10.
8
Suppose r - 468 = -5*r. What is the remainder when r is divided by 27?
24
Let s = 30 + -1. Calculate the remainder when s is divided by 16.
13
Let x(j) = -j**2 + 1. Let s be x(-2). Let t = s + 19. Suppose -4*r + 2*m + 116 = 0, 8*r = 3*r + m + 151. Calculate the remainder when r is divided by t.
15
Suppose 155*w - 258 = 149*w. What is the remainder when 128 is divided by w?
42
Let j = 8 + -7. Let u(p) = -p**2 - p - 15. Let m be u(0). Calculate the remainder when 1/(-3)*j*m is divided by 2.
1
Let w = 9 + -7. Suppose i - w - 7 = 0. Calculate the remainder when i is divided by 6.
3
Suppose 4*z + 2*m = 16, -7 - 1 = -2*z + 2*m. Suppose 3*s + 4*u = -14 + 94, z*u = 4*s - 60. Calculate the remainder when s is divided by 11.
9
Let s = -1 + 1. Let y be (s/1)/(1/1). Suppose y - 10 = -q. What is the remainder when 29 is divided by q?
9
Let a = -11 + 15. Let d = -2 - -7. Calculate the remainder when d is divided by a.
1
Let r = 13 + 12. What is the remainder when r is divided by 13?
12
What is the remainder when 151/3 + 8/(-24) is divided by 17?
16
Suppose -3*b - 2*b + 9 = 3*w, 0 = 2*w - b - 6. Let q(m) = -2*m - 4. What is the remainder when q(-6) is divided by w?
2
What is the remainder when 78 is divided by 8/28*(4 - 8)*-7?
6
Suppose -y + f + 0*f + 39 = 0, 4*f - 124 = -4*y. Suppose 39 = 3*v + c - 15, 0 = -2*c - 6. Calculate the remainder when y is divided by v.
16
Let b(u) = 3*u + 5*u**2 - 4*u**2 - 7*u + 2. What is the remainder when 20/(-8)*40/(-25) is divided by b(4)?
0
Let o = 24 + -8. Suppose -9 = 5*v - 99. Let u = v - 9. What is the remainder when o is divided by u?
7
Let l(a) = 15*a - 24. Let n(z) = 8*z - 12. Let f(u) = 3*l(u) - 5*n(u). What is the remainder when 34 is divided by f(6)?
16
Calculate the remainder when 28 is divided by -7 + 7 - (-2)/((-2)/(-5)).
3
Let s be ((-8)/(-20))/((-3)/(-45)). Suppose -8*x + 10 = -3*x. Let t = s + x. Calculate the remainder when 23 is divided by t.
7
Let l(m) = m**3 + 5*m**2 - 8*m + 1. Let o(u) = u**2 - 12*u - 12. Let r be o(13). Let w = 23 + r. What is the remainder when w is divided by l(-6)?
11
Let y(s) = 2*s + 4. Calculate the remainder when 33 is divided by y(4).
9
Calculate the remainder when 6 + -8 + (0 - -16) is divided by 5.
4
Let i(j) = -2*j + 8. Let o be i(-6). Let a = 0 - -16. Calculate the remainder when a is divided by (16/o)/(4/30).
4
Let o = -25 + 35. Suppose -5*b + 144 = m, 0 = -4*m + m + 12. What is the remainder when b is divided by o?
8
Suppose -2*u + 5*f + 23 = -20, 0 = 4*u + 2*f - 26. Suppose -c = 0, 5*c - u = 2*v - 3*v. What is the remainder when 26 is divided by v?
8
Suppose -2*i = 0, h - i + 56 = 5*h. Let s = 23 - h. Calculate the remainder when s is divided by 5.
4
Let z = -51 - -88. What is the remainder when z is divided by 10?
7
Suppose -4*t + 212 = -t - j, t + 2*j - 73 = 0. What is the remainder when t is divided by 24?
23
Let o(w) = w**3 - w**2 + 6. Suppose -i = -6*i + 15. What is the remainder when o(0) is divided by i?
0
What is the remainder when 15/9 + (-2)/(-6) is divided by 1?
0
Let w = 2 - 2. Suppose -5*b - 3*x + 22 = w, -4*x + 0*x + 8 = -4*b. Suppose 0 = 4*k - 17 - 3. Calculate the remainder when k is divided by b.
1
Calculate the remainder when 108 is divided by (1 - -1) + 78/3.
24
Calculate the remainder when 32 is divided by (-1)/12*-2 - 410/(-60).
4
Let t(n) = 6*n**2 - 2*n + 12. What is the remainder when t(-4) is divided by 30?
26
Suppose 4*r + 3*c - 150 = 8*c, 3*r - 95 = -5*c. Let b = 33 + -21. Calculate the remainder when r is divided by b.
11
Let d = 17 + -12. What is the remainder when 12 + (1 - (1 - 2)) is divided by d?
4
What is the remainder when ((-5)/(45/(-258)))/((-3)/(-18)) is divided by 59?
54
Let s(n) = n + 10. Let z be s(-8). Suppose -7*o = -z*o - 130. Let v = -5 + o. Calculate the remainder when v is divided by 11.
10
Suppose -4*t - 4*p = -240, -3*p - 70 = -3*t + 80. Calculate the remainder when t is divided by 19.
17
Let s be ((-1)/(-1) + 3 + -9)/1. Suppose z + 3*b + 8 = -10, -b = 2*z + 36. Let y = s - z. What is the remainder when y is divided by 5?
3
Let l(x) = -x**3 - 3*x**2 + 3*x + 4. Suppose -2*a + 42 = -0*a. What is the remainder when a is divided by l(-4)?
5
Let w(k) = -28*k + 1. What is the remainder when w(-1) is divided by (-2)/8 + (-130)/(-8)?
13
Calculate the remainder when 149 is divided by 226/6 + (-17)/(-51).
35
Let x = 5 - -3. Suppose -5*j = -3*j - 110. Suppose j + x = 3*n. Calculate the remainder when n is divided by 11.
10
Let p(k) = k**2 + 6*k + 7. Calculate the remainder when 86 is divided by p(-8).
17
Let l = -164 - -233. What is the remainder when l is divided by 18?
15
Calculate the remainder when 335 is divided by (0 - 6/(-4)) + (-42)/(-4).
11
Suppose 5*m + 204 = -11. Let h = -8 - m. What is the remainder when h is divided by 12?
11
Suppose -3*o + 94 = -o. Let i = o + -26. What is the remainder when 62 is divided by i?
20
Let n = -4 + 21. Let l(k) = -k**3 + 9*k**2 + 10*k. Let m be l(10). What is the remainder when n is divided by m + 2 + 0 + 4?
5
Let w = -28 + 55. Calculate the remainder when 105 is divided by w.
24
Suppose -5*u + 2*m + 14 = 0, 5*u = 7*m - 3*m + 18. Suppose 22 + 3 = 2*b - 3*h, u*h = -2*b + 10. Calculate the remainder when 22 is divided by b.
6
Suppose 2 - 3 = -v, 2*s - 66 = -2*v. Let i(x) = -3*x - 4. Suppose 0 = -2*l - 3*p - 4, -4*l = -l - 4*p + 23. What is the remainder when s is divided by i(l)?
10
Suppose -5*a + 3*u = -u - 40, -u + 8 = a. Let c = 27 - 4. What is the remainder when c is divided by a?
7
Suppose 0 = 2*p - 0*p - 2. Let k be ((-10)/(-3))/(p/3). Let x = k + 6. What is the remainder when 46 is divided by x?
14
Let m = 3 - -2. Calculate the remainder when 52 is divided by 92/m + 4/(-10).
16
Calculate the remainder when (89/(-4))/(22/(-88)) is divided by 18.
17
Suppose 26 = -2*b + 4*h, h = -3*b - 2*h - 3. Let z = b + 12. Suppose 3*r = -4*a + 4 + z, a = 2*r. What is the remainder when 1 is divided by r?
0
Let l(p) = 52*p**2 - p - 1. Let d = 3 - 0. Calculate the remainder when l(-1) is divided by 108/d*(-1)/(-2).
16
Let g = 0 + 2. Let l = -11 + 43. Suppose -8 = d - 5*o - l, 4*d - 3*o = 28. What is the remainder when d is divided by g?
0
Let w(j) = -j**3 - 4*j**2 - 3*j + 4. Let f = 102 - 39. What is the remainder when f is divided by w(-4)?
15
Let n(f) = -20*f**3 + 2*f + 1. Let u = 0 + -1. Calculate the remainder when n(u) is divided by 5.
4
Suppose 2*z + 3*s - 5 = 4*s, z - 2*s - 4 = 0. Suppose 42 = z*v - 0*v. What is the remainder when v is divided by 8?
5
Suppose 0*z - 17 = -z. Let n(k) = -k**2 + 9*k - 9. Suppose 0 = 3*g + 3*v - 30, 2*v + 2*v - 4 = 2*g. Calculate the remainder when z is divided by n(g).
8
Calculate the remainder when (1/(-3))/((-12)/792) i